{"id":2,"date":"2025-10-31T11:02:24","date_gmt":"2025-10-31T11:02:24","guid":{"rendered":"https:\/\/lropticas.pt\/?page_id=2"},"modified":"2025-10-31T11:37:37","modified_gmt":"2025-10-31T11:37:37","slug":"home","status":"publish","type":"page","link":"https:\/\/lropticas.pt\/","title":{"rendered":"Home"},"content":{"rendered":"\t\t<div data-elementor-type=\"wp-page\" data-elementor-id=\"2\" class=\"elementor elementor-2\">\n\t\t\t\t<div class=\"elementor-element elementor-element-7ffc447 e-flex e-con-boxed e-con e-parent\" data-id=\"7ffc447\" data-element_type=\"container\" data-e-type=\"container\" data-settings=\"{&quot;background_background&quot;:&quot;classic&quot;}\">\n\t\t\t\t\t<div class=\"e-con-inner\">\n\t\t\t\t<div class=\"elementor-element elementor-element-0d80f2a elementor-widget elementor-widget-heading\" data-id=\"0d80f2a\" data-element_type=\"widget\" data-e-type=\"widget\" data-widget_type=\"heading.default\">\n\t\t\t\t\t<h2 class=\"elementor-heading-title elementor-size-default\">UMA VIS\u00c3O PELA F\u00cdSICA<\/h2>\t\t\t\t<\/div>\n\t\t\t\t\t<\/div>\n\t\t\t\t<\/div>\n\t\t<div class=\"elementor-element elementor-element-e362497 e-flex e-con-boxed e-con e-parent\" data-id=\"e362497\" data-element_type=\"container\" data-e-type=\"container\">\n\t\t\t\t\t<div class=\"e-con-inner\">\n\t\t\t\t<div class=\"elementor-element elementor-element-352391b elementor-widget elementor-widget-heading\" data-id=\"352391b\" data-element_type=\"widget\" data-e-type=\"widget\" data-widget_type=\"heading.default\">\n\t\t\t\t\t<h2 class=\"elementor-heading-title elementor-size-default\">NEWS<\/h2>\t\t\t\t<\/div>\n\t\t\t\t<div class=\"elementor-element elementor-element-6a3f4cd elementor-widget elementor-widget-heading\" data-id=\"6a3f4cd\" data-element_type=\"widget\" data-e-type=\"widget\" data-widget_type=\"heading.default\">\n\t\t\t\t\t<h2 class=\"elementor-heading-title elementor-size-default\">\u00daltimas Not\u00edcias<\/h2>\t\t\t\t<\/div>\n\t\t\t\t<div class=\"elementor-element elementor-element-deb5cf2 elementor-widget elementor-widget-heading\" data-id=\"deb5cf2\" data-element_type=\"widget\" data-e-type=\"widget\" data-widget_type=\"heading.default\">\n\t\t\t\t\t<h2 class=\"elementor-heading-title elementor-size-default\">Desvendando os Segredos da F\u00edsica<\/h2>\t\t\t\t<\/div>\n\t\t\t\t<div class=\"elementor-element elementor-element-827114a elementor-widget elementor-widget-hfe-basic-posts\" data-id=\"827114a\" data-element_type=\"widget\" data-e-type=\"widget\" data-widget_type=\"hfe-basic-posts.default\">\n\t\t\t\t<div class=\"elementor-widget-container\">\n\t\t\t\t\t\n<div class=\"hfe-posts-grid\">\n\t\t\t<article class=\"hfe-post-card\">\n\t\t\t\n\t\t\t<div class=\"hfe-post-content\">\n\t\t\t\t\t\t\t\t\t<h3 class=\"hfe-post-title\">\n\t\t\t\t\t\t<a href=\"https:\/\/lropticas.pt\/index.php\/2025\/10\/31\/mergulhando-no-mundo-dos-lasers-uma-jornada-pela-optica\/\" rel=\"bookmark\">\n\t\t\t\t\t\t\tMergulhando no Mundo dos Lasers: Uma Jornada pela \u00d3ptica\t\t\t\t\t\t<\/a>\n\t\t\t\t\t<\/h3>\n\t\t\t\t\n\t\t\t\t\t\t\t\t\t<div class=\"hfe-post-meta\">\n\t\t\t\t\t\t<span class=\"hfe-post-date\">Outubro 31, 2025<\/span><span class=\"hfe-meta-separator\"> | <\/span><span class=\"hfe-post-author\">by admin<\/span>\t\t\t\t\t<\/div>\n\t\t\t\t\n\t\t\t\t\t\t\t\t\t<div class=\"hfe-post-excerpt\">\n\t\t\t\t\t\tOl\u00e1, explorador da luz! Preparado para desvendar os segredos de uma das ferramentas mais fascinantes da \u00f3ptica moderna? O laser,...\t\t\t\t\t<\/div>\n\t\t\t\t\n\t\t\t\t\t\t\t\t\t<a href=\"https:\/\/lropticas.pt\/index.php\/2025\/10\/31\/mergulhando-no-mundo-dos-lasers-uma-jornada-pela-optica\/\" class=\"hfe-read-more\" rel=\"bookmark\">\n\t\t\t\t\t\tSaber mais \u2192\t\t\t\t\t<\/a>\n\t\t\t\t\t\t\t<\/div>\n\t\t<\/article>\n\t\t<\/div>\n\t\t\t\t<\/div>\n\t\t\t\t<\/div>\n\t\t\t\t\t<\/div>\n\t\t\t\t<\/div>\n\t\t<div class=\"elementor-element elementor-element-fba0804 e-flex e-con-boxed e-con e-parent\" data-id=\"fba0804\" data-element_type=\"container\" data-e-type=\"container\">\n\t\t\t\t\t<div class=\"e-con-inner\">\n\t\t\t\t<div class=\"elementor-element elementor-element-b7a3064 elementor-widget elementor-widget-heading\" data-id=\"b7a3064\" data-element_type=\"widget\" data-e-type=\"widget\" data-widget_type=\"heading.default\">\n\t\t\t\t\t<h2 class=\"elementor-heading-title elementor-size-default\">APROVEITE<\/h2>\t\t\t\t<\/div>\n\t\t\t\t<div class=\"elementor-element elementor-element-d6c9553 elementor-widget elementor-widget-heading\" data-id=\"d6c9553\" data-element_type=\"widget\" data-e-type=\"widget\" data-widget_type=\"heading.default\">\n\t\t\t\t\t<h2 class=\"elementor-heading-title elementor-size-default\">Oportunidades<\/h2>\t\t\t\t<\/div>\n\t\t<div class=\"elementor-element elementor-element-c0a2e57 e-grid e-con-full e-con e-child\" data-id=\"c0a2e57\" data-element_type=\"container\" data-e-type=\"container\">\n\t\t\t\t<div class=\"elementor-element elementor-element-9ea281a elementor-widget elementor-widget-image\" data-id=\"9ea281a\" data-element_type=\"widget\" data-e-type=\"widget\" data-widget_type=\"image.default\">\n\t\t\t\t\t\t\t\t\t\t\t\t\t\t\t\t<a href=\"https:\/\/clinoptica.eu\/produto\/misight-1-day\/\">\n\t\t\t\t\t\t\t<img fetchpriority=\"high\" decoding=\"async\" width=\"800\" height=\"450\" src=\"https:\/\/lropticas.pt\/wp-content\/uploads\/2025\/10\/BLOG-CLINOPTICA-44-1024x576.jpg\" class=\"attachment-large size-large wp-image-20\" alt=\"\" srcset=\"https:\/\/lropticas.pt\/wp-content\/uploads\/2025\/10\/BLOG-CLINOPTICA-44-1024x576.jpg 1024w, https:\/\/lropticas.pt\/wp-content\/uploads\/2025\/10\/BLOG-CLINOPTICA-44-300x169.jpg 300w, https:\/\/lropticas.pt\/wp-content\/uploads\/2025\/10\/BLOG-CLINOPTICA-44-768x432.jpg 768w, https:\/\/lropticas.pt\/wp-content\/uploads\/2025\/10\/BLOG-CLINOPTICA-44-1536x864.jpg 1536w, https:\/\/lropticas.pt\/wp-content\/uploads\/2025\/10\/BLOG-CLINOPTICA-44.jpg 1920w\" sizes=\"(max-width: 800px) 100vw, 800px\" \/>\t\t\t\t\t\t\t\t<\/a>\n\t\t\t\t\t\t\t\t\t\t\t\t\t\t\t<\/div>\n\t\t\t\t<div class=\"elementor-element elementor-element-7d38667 elementor-widget elementor-widget-image\" data-id=\"7d38667\" data-element_type=\"widget\" data-e-type=\"widget\" data-widget_type=\"image.default\">\n\t\t\t\t\t\t\t\t\t\t\t\t\t\t\t\t<a href=\"https:\/\/clinoptica.eu\/oculos-graduados\/\">\n\t\t\t\t\t\t\t<img decoding=\"async\" width=\"800\" height=\"450\" src=\"https:\/\/lropticas.pt\/wp-content\/uploads\/2025\/10\/BLOG-CLINOPTICA-44-1-1024x576.jpg\" class=\"attachment-large size-large wp-image-21\" alt=\"\" srcset=\"https:\/\/lropticas.pt\/wp-content\/uploads\/2025\/10\/BLOG-CLINOPTICA-44-1-1024x576.jpg 1024w, https:\/\/lropticas.pt\/wp-content\/uploads\/2025\/10\/BLOG-CLINOPTICA-44-1-300x169.jpg 300w, https:\/\/lropticas.pt\/wp-content\/uploads\/2025\/10\/BLOG-CLINOPTICA-44-1-768x432.jpg 768w, https:\/\/lropticas.pt\/wp-content\/uploads\/2025\/10\/BLOG-CLINOPTICA-44-1-1536x864.jpg 1536w, https:\/\/lropticas.pt\/wp-content\/uploads\/2025\/10\/BLOG-CLINOPTICA-44-1.jpg 1920w\" sizes=\"(max-width: 800px) 100vw, 800px\" \/>\t\t\t\t\t\t\t\t<\/a>\n\t\t\t\t\t\t\t\t\t\t\t\t\t\t\t<\/div>\n\t\t\t\t<div class=\"elementor-element elementor-element-39afe8b elementor-widget elementor-widget-image\" data-id=\"39afe8b\" data-element_type=\"widget\" data-e-type=\"widget\" data-widget_type=\"image.default\">\n\t\t\t\t\t\t\t\t\t\t\t\t\t\t\t\t<a href=\"https:\/\/clinoptica.eu\/lp\/\">\n\t\t\t\t\t\t\t<img decoding=\"async\" width=\"800\" height=\"450\" src=\"https:\/\/lropticas.pt\/wp-content\/uploads\/2025\/10\/BLOG-CLINOPTICA-45-1024x576.jpg\" class=\"attachment-large size-large wp-image-22\" alt=\"\" srcset=\"https:\/\/lropticas.pt\/wp-content\/uploads\/2025\/10\/BLOG-CLINOPTICA-45-1024x576.jpg 1024w, https:\/\/lropticas.pt\/wp-content\/uploads\/2025\/10\/BLOG-CLINOPTICA-45-300x169.jpg 300w, https:\/\/lropticas.pt\/wp-content\/uploads\/2025\/10\/BLOG-CLINOPTICA-45-768x432.jpg 768w, https:\/\/lropticas.pt\/wp-content\/uploads\/2025\/10\/BLOG-CLINOPTICA-45-1536x864.jpg 1536w, https:\/\/lropticas.pt\/wp-content\/uploads\/2025\/10\/BLOG-CLINOPTICA-45.jpg 1920w\" sizes=\"(max-width: 800px) 100vw, 800px\" \/>\t\t\t\t\t\t\t\t<\/a>\n\t\t\t\t\t\t\t\t\t\t\t\t\t\t\t<\/div>\n\t\t\t\t<div class=\"elementor-element elementor-element-5b5aa7f elementor-widget elementor-widget-image\" data-id=\"5b5aa7f\" data-element_type=\"widget\" data-e-type=\"widget\" data-widget_type=\"image.default\">\n\t\t\t\t\t\t\t\t\t\t\t\t\t\t\t\t<a href=\"https:\/\/clinoptica.eu\/hawkers\/\">\n\t\t\t\t\t\t\t<img loading=\"lazy\" decoding=\"async\" width=\"800\" height=\"450\" src=\"https:\/\/lropticas.pt\/wp-content\/uploads\/2025\/10\/BLOG-CLINOPTICA-46-1024x576.jpg\" class=\"attachment-large size-large wp-image-23\" alt=\"\" srcset=\"https:\/\/lropticas.pt\/wp-content\/uploads\/2025\/10\/BLOG-CLINOPTICA-46-1024x576.jpg 1024w, https:\/\/lropticas.pt\/wp-content\/uploads\/2025\/10\/BLOG-CLINOPTICA-46-300x169.jpg 300w, https:\/\/lropticas.pt\/wp-content\/uploads\/2025\/10\/BLOG-CLINOPTICA-46-768x432.jpg 768w, https:\/\/lropticas.pt\/wp-content\/uploads\/2025\/10\/BLOG-CLINOPTICA-46-1536x864.jpg 1536w, https:\/\/lropticas.pt\/wp-content\/uploads\/2025\/10\/BLOG-CLINOPTICA-46.jpg 1920w\" sizes=\"(max-width: 800px) 100vw, 800px\" \/>\t\t\t\t\t\t\t\t<\/a>\n\t\t\t\t\t\t\t\t\t\t\t\t\t\t\t<\/div>\n\t\t\t\t<\/div>\n\t\t\t\t\t<\/div>\n\t\t\t\t<\/div>\n\t\t<div class=\"elementor-element elementor-element-b7cadcf e-flex e-con-boxed e-con e-parent\" data-id=\"b7cadcf\" data-element_type=\"container\" data-e-type=\"container\" data-settings=\"{&quot;background_background&quot;:&quot;classic&quot;}\">\n\t\t\t\t\t<div class=\"e-con-inner\">\n\t\t\t\t<div class=\"elementor-element elementor-element-22253c4 elementor-widget elementor-widget-heading\" data-id=\"22253c4\" data-element_type=\"widget\" data-e-type=\"widget\" data-widget_type=\"heading.default\">\n\t\t\t\t\t<h2 class=\"elementor-heading-title elementor-size-default\">Todos os direitos reservados.<\/h2>\t\t\t\t<\/div>\n\t\t\t\t\t<\/div>\n\t\t\t\t<\/div>\n\t\t\t\t<\/div>\n\t\t","protected":false},"excerpt":{"rendered":"<p>UMA VIS\u00c3O PELA F\u00cdSICA NEWS \u00daltimas Not\u00edcias Desvendando os Segredos da F\u00edsica Hello world! Outubro 31, 2025 | by admin Welcome to WordPress. This is your first post. Edit or delete it, then start writing! Saber mais \u2192 APROVEITE Oportunidades Todos os direitos reservados.<\/p>\n","protected":false},"author":1,"featured_media":0,"parent":0,"menu_order":0,"comment_status":"closed","ping_status":"closed","template":"elementor_canvas","meta":{"footnotes":""},"class_list":["post-2","page","type-page","status-publish","hentry"],"yoast_head":"<!-- This site is optimized with the Yoast SEO plugin v26.2 - https:\/\/yoast.com\/wordpress\/plugins\/seo\/ -->\n<title>Home - Tudo sobre a F\u00edsica<\/title>\n<meta name=\"robots\" content=\"index, follow, max-snippet:-1, max-image-preview:large, max-video-preview:-1\" \/>\n<link rel=\"canonical\" href=\"https:\/\/lropticas.pt\/\" \/>\n<meta property=\"og:locale\" content=\"pt_PT\" \/>\n<meta property=\"og:type\" content=\"article\" \/>\n<meta property=\"og:title\" content=\"Home - Tudo sobre a F\u00edsica\" \/>\n<meta property=\"og:description\" content=\"UMA VIS\u00c3O PELA F\u00cdSICA NEWS \u00daltimas Not\u00edcias Desvendando os Segredos da F\u00edsica Hello world! Outubro 31, 2025 | by admin Welcome to WordPress. This is your first post. Edit or delete it, then start writing! Saber mais \u2192 APROVEITE Oportunidades Todos os direitos reservados.\" \/>\n<meta property=\"og:url\" content=\"https:\/\/lropticas.pt\/\" \/>\n<meta property=\"og:site_name\" content=\"Tudo sobre a F\u00edsica\" \/>\n<meta property=\"article:modified_time\" content=\"2025-10-31T11:37:37+00:00\" \/>\n<meta property=\"og:image\" content=\"https:\/\/lropticas.pt\/wp-content\/uploads\/2025\/10\/BLOG-CLINOPTICA-44.jpg\" \/>\n\t<meta property=\"og:image:width\" content=\"1920\" \/>\n\t<meta property=\"og:image:height\" content=\"1080\" \/>\n\t<meta property=\"og:image:type\" content=\"image\/jpeg\" \/>\n<meta name=\"twitter:card\" content=\"summary_large_image\" \/>\n<meta name=\"twitter:label1\" content=\"Tempo estimado de leitura\" \/>\n\t<meta name=\"twitter:data1\" content=\"1 minuto\" \/>\n<script type=\"application\/ld+json\" class=\"yoast-schema-graph\">{\"@context\":\"https:\/\/schema.org\",\"@graph\":[{\"@type\":\"WebPage\",\"@id\":\"https:\/\/lropticas.pt\/\",\"url\":\"https:\/\/lropticas.pt\/\",\"name\":\"Home - Tudo sobre a F\u00edsica\",\"isPartOf\":{\"@id\":\"https:\/\/lropticas.pt\/#website\"},\"primaryImageOfPage\":{\"@id\":\"https:\/\/lropticas.pt\/#primaryimage\"},\"image\":{\"@id\":\"https:\/\/lropticas.pt\/#primaryimage\"},\"thumbnailUrl\":\"https:\/\/lropticas.pt\/wp-content\/uploads\/2025\/10\/BLOG-CLINOPTICA-44-1024x576.jpg\",\"datePublished\":\"2025-10-31T11:02:24+00:00\",\"dateModified\":\"2025-10-31T11:37:37+00:00\",\"breadcrumb\":{\"@id\":\"https:\/\/lropticas.pt\/#breadcrumb\"},\"inLanguage\":\"pt-PT\",\"potentialAction\":[{\"@type\":\"ReadAction\",\"target\":[\"https:\/\/lropticas.pt\/\"]}]},{\"@type\":\"ImageObject\",\"inLanguage\":\"pt-PT\",\"@id\":\"https:\/\/lropticas.pt\/#primaryimage\",\"url\":\"https:\/\/lropticas.pt\/wp-content\/uploads\/2025\/10\/BLOG-CLINOPTICA-44.jpg\",\"contentUrl\":\"https:\/\/lropticas.pt\/wp-content\/uploads\/2025\/10\/BLOG-CLINOPTICA-44.jpg\",\"width\":1920,\"height\":1080},{\"@type\":\"BreadcrumbList\",\"@id\":\"https:\/\/lropticas.pt\/#breadcrumb\",\"itemListElement\":[{\"@type\":\"ListItem\",\"position\":1,\"name\":\"In\u00edcio\",\"item\":\"https:\/\/lropticas.pt\/\"},{\"@type\":\"ListItem\",\"position\":2,\"name\":\"Home\"}]},{\"@type\":\"WebSite\",\"@id\":\"https:\/\/lropticas.pt\/#website\",\"url\":\"https:\/\/lropticas.pt\/\",\"name\":\"Tudo sobre a F\u00edsica\",\"description\":\"\",\"potentialAction\":[{\"@type\":\"SearchAction\",\"target\":{\"@type\":\"EntryPoint\",\"urlTemplate\":\"https:\/\/lropticas.pt\/?s={search_term_string}\"},\"query-input\":{\"@type\":\"PropertyValueSpecification\",\"valueRequired\":true,\"valueName\":\"search_term_string\"}}],\"inLanguage\":\"pt-PT\"}]}<\/script>\n<!-- \/ Yoast SEO plugin. -->","yoast_head_json":{"title":"Home - Tudo sobre a F\u00edsica","robots":{"index":"index","follow":"follow","max-snippet":"max-snippet:-1","max-image-preview":"max-image-preview:large","max-video-preview":"max-video-preview:-1"},"canonical":"https:\/\/lropticas.pt\/","og_locale":"pt_PT","og_type":"article","og_title":"Home - Tudo sobre a F\u00edsica","og_description":"UMA VIS\u00c3O PELA F\u00cdSICA NEWS \u00daltimas Not\u00edcias Desvendando os Segredos da F\u00edsica Hello world! Outubro 31, 2025 | by admin Welcome to WordPress. This is your first post. Edit or delete it, then start writing! Saber mais \u2192 APROVEITE Oportunidades Todos os direitos reservados.","og_url":"https:\/\/lropticas.pt\/","og_site_name":"Tudo sobre a F\u00edsica","article_modified_time":"2025-10-31T11:37:37+00:00","og_image":[{"width":1920,"height":1080,"url":"https:\/\/lropticas.pt\/wp-content\/uploads\/2025\/10\/BLOG-CLINOPTICA-44.jpg","type":"image\/jpeg"}],"twitter_card":"summary_large_image","twitter_misc":{"Tempo estimado de leitura":"1 minuto"},"schema":{"@context":"https:\/\/schema.org","@graph":[{"@type":"WebPage","@id":"https:\/\/lropticas.pt\/","url":"https:\/\/lropticas.pt\/","name":"Home - Tudo sobre a F\u00edsica","isPartOf":{"@id":"https:\/\/lropticas.pt\/#website"},"primaryImageOfPage":{"@id":"https:\/\/lropticas.pt\/#primaryimage"},"image":{"@id":"https:\/\/lropticas.pt\/#primaryimage"},"thumbnailUrl":"https:\/\/lropticas.pt\/wp-content\/uploads\/2025\/10\/BLOG-CLINOPTICA-44-1024x576.jpg","datePublished":"2025-10-31T11:02:24+00:00","dateModified":"2025-10-31T11:37:37+00:00","breadcrumb":{"@id":"https:\/\/lropticas.pt\/#breadcrumb"},"inLanguage":"pt-PT","potentialAction":[{"@type":"ReadAction","target":["https:\/\/lropticas.pt\/"]}]},{"@type":"ImageObject","inLanguage":"pt-PT","@id":"https:\/\/lropticas.pt\/#primaryimage","url":"https:\/\/lropticas.pt\/wp-content\/uploads\/2025\/10\/BLOG-CLINOPTICA-44.jpg","contentUrl":"https:\/\/lropticas.pt\/wp-content\/uploads\/2025\/10\/BLOG-CLINOPTICA-44.jpg","width":1920,"height":1080},{"@type":"BreadcrumbList","@id":"https:\/\/lropticas.pt\/#breadcrumb","itemListElement":[{"@type":"ListItem","position":1,"name":"In\u00edcio","item":"https:\/\/lropticas.pt\/"},{"@type":"ListItem","position":2,"name":"Home"}]},{"@type":"WebSite","@id":"https:\/\/lropticas.pt\/#website","url":"https:\/\/lropticas.pt\/","name":"Tudo sobre a F\u00edsica","description":"","potentialAction":[{"@type":"SearchAction","target":{"@type":"EntryPoint","urlTemplate":"https:\/\/lropticas.pt\/?s={search_term_string}"},"query-input":{"@type":"PropertyValueSpecification","valueRequired":true,"valueName":"search_term_string"}}],"inLanguage":"pt-PT"}]}},"_links":{"self":[{"href":"https:\/\/lropticas.pt\/index.php\/wp-json\/wp\/v2\/pages\/2","targetHints":{"allow":["GET"]}}],"collection":[{"href":"https:\/\/lropticas.pt\/index.php\/wp-json\/wp\/v2\/pages"}],"about":[{"href":"https:\/\/lropticas.pt\/index.php\/wp-json\/wp\/v2\/types\/page"}],"author":[{"embeddable":true,"href":"https:\/\/lropticas.pt\/index.php\/wp-json\/wp\/v2\/users\/1"}],"replies":[{"embeddable":true,"href":"https:\/\/lropticas.pt\/index.php\/wp-json\/wp\/v2\/comments?post=2"}],"version-history":[{"count":10,"href":"https:\/\/lropticas.pt\/index.php\/wp-json\/wp\/v2\/pages\/2\/revisions"}],"predecessor-version":[{"id":33,"href":"https:\/\/lropticas.pt\/index.php\/wp-json\/wp\/v2\/pages\/2\/revisions\/33"}],"wp:attachment":[{"href":"https:\/\/lropticas.pt\/index.php\/wp-json\/wp\/v2\/media?parent=2"}],"curies":[{"name":"wp","href":"https:\/\/api.w.org\/{rel}","templated":true}]}}